)/((-2)/(-90)). What is the greatest common factor of b and u?
16
Let b be (-18 - 0)*61/(-3). What is the highest common factor of b and 6?
6
Let i(u) = -2*u**3 - 13*u**2 + 2*u - 10. Let k be i(-7). Calculate the highest common divisor of k and 625.
25
Suppose 0 = 4*a - 5*g - 8, -23 = 5*a + 2*g - 0*g. Let h be (a - (-28)/8)*22. Let k be (176/(-8))/((-2)/4). What is the greatest common factor of k and h?
11
Let q(k) = 6*k + 64. Let n be q(4). What is the greatest common factor of n and 16?
8
Let s(b) = 69*b**2 + 5*b + 6. Let w be s(-1). What is the highest common factor of w and 42?
14
Suppose 2 = r - 5*k - 1, 2*r - 51 = -5*k. Let i be 10/2 + (-9)/3*-1. Let u be 8/2*i/16. Calculate the highest common factor of u and r.
2
Suppose 5*u - 5*b - 76 = 29, b = 2*u - 37. Calculate the highest common factor of u and 128.
16
Let h = -118 + 237. What is the greatest common factor of 1547 and h?
119
Suppose 3*w = -6, -2*w = -3*h - 0*w + 94. Let t be (-2872)/(-32) - (-1)/4. Calculate the highest common divisor of h and t.
30
Let h be 1/4 - (-840)/96. What is the greatest common divisor of 2 and h?
1
Suppose 3*x - 129 = -l, 0*x - l + 45 = x. Let y be 48/28*(-441)/(-2). What is the greatest common factor of y and x?
42
Let j = -186 + 126. Let a = j - -108. Calculate the highest common factor of 72 and a.
24
Let c = 3 + 0. Suppose -v - j = -89, -173 = -c*v + v + 3*j. Let d be 8/20 + 108/5. Calculate the greatest common factor of d and v.
22
Let w = 35 - 9. Let m be 9 + (-363)/(-2 - 1). Calculate the highest common factor of w and m.
26
Suppose -2*v - 2*v = 0. Suppose -3*u + v*u = -6. Suppose -345 = -u*d + 3*y, -3*y + 925 = 5*d + 2*y. What is the greatest common divisor of d and 20?
20
Let j be 158/(-1343) - (-1481)/17. Calculate the highest common divisor of 203 and j.
29
Let c be (5 + 18)*2/2. Suppose 2695 = -6*h + 11*h. Let a = h - 332. What is the greatest common factor of a and c?
23
Suppose 0 = -5*u - 5, -j - 4*j = -u - 146. Let i = j + -22. What is the greatest common divisor of i and 14?
7
Let p(h) = -h**3 + h**2 + 3*h. Let v be p(2). Suppose -17*y = -18*y - 15. Let l be ((-6)/(-4))/(y/(-140)). What is the highest common factor of v and l?
2
Let f be (32/(-5))/(1/(-30)). Let k = 2060 + -2028. What is the highest common factor of k and f?
32
Suppose -2*v - 3*a - 712 = -816, 3*v + a = 163. Suppose -s + 5*s - 88 = 0. What is the highest common divisor of s and v?
11
Let q = -853 - -946. What is the highest common factor of 434 and q?
31
Let d(s) = s**3 + 13*s**2 + 32*s + 4. Let y be d(-4). What is the greatest common divisor of y and 580?
20
Let u = 33 - 32. Let i be u*(-4 - -1) + 24. Calculate the greatest common divisor of 3 and i.
3
Suppose -86*x + 89*x - 132 = 0. Suppose a = -2*h, -4 = 5*h - 3*a + 18. Let g be h/(-1) - (2 - x). Calculate the greatest common divisor of 4 and g.
4
Let h be (-2)/((-5 + -1)/192). What is the greatest common divisor of 1184 and h?
32
Let z(n) = 106*n**2 - 1. Let l be z(1). Let m = l - 22. Let v = m + -39. Calculate the highest common divisor of 11 and v.
11
Let j(w) = w**2 - 8*w. Let z be j(9). Suppose -4*p - o + 315 = -4*o, -4*p - 2*o = -330. What is the highest common divisor of z and p?
9
Suppose l - 1 = 0, -4*l = -0*h - h + 7. Let k(d) = -d**2 + 21*d + 2. Let c be k(h). Suppose -2*o = 3*o - 70. What is the greatest common divisor of o and c?
14
Let a = -162 - -201. Calculate the highest common factor of a and 429.
39
Let z(h) = h - 11. Let f be z(14). Suppose 0*i + 2*i - f*v = 363, v = -5*i + 899. What is the greatest common factor of 72 and i?
36
Let h(b) = -b**3 + 9*b**2 - 14*b - 3. Let z be h(6). What is the highest common factor of z and 24?
3
Let f = -503 + 520. Let w(x) = -3*x - 14. Let h be w(-16). Calculate the highest common divisor of f and h.
17
Let j be (-5)/((-4)/40 + (-2)/5). Let z be j/3*(-102)/(-4). Let o(y) = -y**3 + 7*y**2 + 3*y - 4. Let i be o(7). What is the highest common factor of i and z?
17
Suppose -4059 = -5*h + j, 0*h = -3*h - 2*j + 2438. Calculate the highest common factor of h and 348.
116
Suppose 26 = 5*x + 11, c = -3*x + 22. What is the greatest common divisor of 299 and c?
13
Suppose 564 = 8*t - 84. Calculate the greatest common factor of t and 1296.
81
Let g be (2/(-4))/(1/(-54)). Let q(j) = j**2 + 3*j - 46. Let h = -81 + 67. Let t be q(h). Calculate the highest common factor of g and t.
27
Suppose a = -6 + 8. Let x be -6*((-2)/(-9) + (-63)/162). Calculate the greatest common factor of x and a.
1
Suppose 4*a + 11 - 39 = 3*s, -4*a + 36 = -5*s. Suppose 147 = 4*j - 1. Suppose 0 = -2*n + j + 3. Calculate the highest common divisor of a and n.
4
Let c = 302 - -391. Calculate the highest common factor of 77 and c.
77
Let t(k) = -k**3 + 4*k**2 + 6*k - 7. Let z be t(5). Let m(g) = 6*g**2 - 4*g. Let i be m(z). What is the highest common divisor of i and 80?
16
Let h = 874 - 772. Calculate the highest common divisor of h and 374.
34
Let g be (1 + 0)/((-13)/(-1105)). What is the highest common factor of g and 17?
17
Suppose -4*t + 5*y = -8, 3*y = 3*t + y - 6. Let s be (-35)/(-28) - ((-4)/(-16) - 0). What is the greatest common factor of t and s?
1
Let d = 6 + 0. Suppose d*b - 16 = -2*b. Calculate the greatest common divisor of 22 and b.
2
Suppose -5*h = 3*m - 22, h + 3*h - 32 = -4*m. What is the greatest common factor of 53 and m?
1
Let y be (14/(-3))/((-2)/(-30)*-2). Calculate the greatest common divisor of 105 and y.
35
Let w be -60*(-2 - (-4 + 1)). Let k = w + 460. Suppose -t + 6*t - k = 0. What is the greatest common divisor of 32 and t?
16
Let w = -71 + 125. Let g = w - 22. Calculate the highest common factor of 4 and g.
4
Suppose t + 2 = 3*t. Let r(p) = p**2 - 6*p. Let w be r(6). Let d be w + (-4 - -7) - -1. Calculate the greatest common divisor of t and d.
1
Suppose l + 4*z + 2 = -l, 2*z = 5*l - 55. Suppose 5*h - 66 - l = 0. Let n be ((-90)/(-12))/((-1)/2 - -1). What is the greatest common factor of n and h?
15
Suppose -3*d - 4 = -7, 5*s = 5*d + 215. What is the highest common divisor of s and 22?
22
Let p be 3/4 + (-15)/20. Suppose 4*y - 20 = p, 1178 = 4*a - 2*y - 0*y. Suppose j = -2*j + a. What is the highest common factor of 9 and j?
9
Let i(u) be the second derivative of u**4/2 - u**3/3 - 5*u**2/2 - 14*u. Let h be i(-3). What is the greatest common divisor of 22 and h?
11
Suppose -44*b + 40*b = -3*h - 11087, -1 = h. What is the greatest common divisor of 17 and b?
17
Suppose 4*a - 187 = -2*g + 5*a, 2*g - 5*a - 175 = 0. Calculate the highest common divisor of g and 2.
1
Suppose -136 - 44 = -5*g. Let k be (-1)/(-5) - g/(-20). Calculate the highest common divisor of k and 2.
2
Let m be 9*3/(-2)*(1 + -5). Suppose 2*b - w + 11 = 45, 0 = -4*b - 4*w + 80. Calculate the greatest common divisor of b and m.
18
Let t(j) = j**2 - 7*j - 21. Let b be t(10). Suppose 2*u - g - 22 = 0, u + 4*g - 5*g = b. Suppose 2*a - 31 = u. What is the highest common factor of 154 and a?
22
Suppose 0 = p + p + 20. Let g be 188/10 - 2/p. Let q be (-3766)/(-18) - (152/36 - 4). What is the greatest common divisor of g and q?
19
Let n = -384 - -574. What is the greatest common factor of n and 10?
10
Suppose -6*h = -5*h + 17. Let t = -24 - h. Let c(g) = g**2 + 6*g + 2. Let b be c(t). Calculate the highest common factor of b and 9.
9
Let x(k) = k - 8. Let u be x(-8). Let f = u - -27. Suppose -y + 44 = 3*y. Calculate the greatest common divisor of y and f.
11
Let r = 3 - 1. Let t be (r - -1)/((-1)/(-6)). Suppose 124 = 4*k - 56. Calculate the highest common factor of k and t.
9
Let h(x) = 4*x**2 + 3*x - 2. Let s be h(2). Let l be 4/s*5*(-16)/(-2). Calculate the highest common divisor of l and 32.
8
Suppose -o - x + 0 + 2 = 0, -5*x = o - 22. Let r be -105*(52/20 + o). What is the highest common factor of r and 6?
6
Suppose 11 = 5*d + 4*r, -5*d = -5*r + 10*r - 10. Suppose h = -2*s - d*h + 540, -4*h = -2*s + 516. What is the highest common divisor of 24 and s?
24
Suppose 3*f + 4 = -f, 2*k + 3*f - 1971 = 0. Calculate the greatest common divisor of 94 and k.
47
Let s be ((-2)/(-7))/((-2)/(-42)). What is the greatest common divisor of 6 and s?
6
Let v = -39 + 82. Suppose v + 21 = 2*y. What is the highest common divisor of 96 and y?
32
Let k(q) = 15*q**2 - 4*q + 3. Let y be k(1). Calculate the greatest common divisor of y and 28.